{"id":754,"date":"2022-04-25T16:29:16","date_gmt":"2022-04-25T14:29:16","guid":{"rendered":"http:\/\/margotboitard.com\/?page_id=754"},"modified":"2025-07-18T11:22:58","modified_gmt":"2025-07-18T09:22:58","slug":"biographie","status":"publish","type":"page","link":"https:\/\/margotboitard.com\/index.php\/biographie\/","title":{"rendered":"Biographie"},"content":{"rendered":"<div data-colibri-id=\"754-c1\" class=\"style-441 style-local-754-c1 position-relative\">\n  <!---->\n  <div data-colibri-component=\"section\" data-colibri-id=\"754-c2\" id=\"about\" class=\"h-section h-section-global-spacing d-flex align-items-lg-center align-items-md-center align-items-center style-442 style-local-754-c2 position-relative\">\n    <!---->\n    <!---->\n    <div class=\"h-section-grid-container h-section-boxed-container\">\n      <!---->\n      <div data-colibri-id=\"754-c3\" class=\"h-row-container gutters-row-lg-0 gutters-row-md-0 gutters-row-0 gutters-row-v-lg-0 gutters-row-v-md-0 gutters-row-v-0 style-443 style-local-754-c3 position-relative\">\n        <!---->\n        <div class=\"h-row justify-content-lg-center justify-content-md-center justify-content-center align-items-lg-stretch align-items-md-stretch align-items-stretch gutters-col-lg-0 gutters-col-md-0 gutters-col-0 gutters-col-v-lg-0 gutters-col-v-md-0 gutters-col-v-0\">\n          <!---->\n          <div class=\"h-column h-column-container d-flex h-col-lg-auto h-col-md-auto h-col-auto style-444-outer style-local-754-c4-outer\">\n            <div data-colibri-id=\"754-c4\" class=\"d-flex h-flex-basis h-column__inner h-ui-empty-state-container h-px-lg-0 h-px-md-0 h-px-0 v-inner-lg-0 v-inner-md-0 v-inner-0 style-444 style-local-754-c4 position-relative\">\n              <!---->\n              <!---->\n              <div class=\"w-100 h-y-container h-column__content h-column__v-align flex-basis-100\">\n                <!---->\n              <\/div>\n            <\/div>\n          <\/div>\n          <div class=\"h-column h-column-container d-flex h-col-lg-auto h-col-md-auto h-col-auto style-445-outer style-local-754-c5-outer\">\n            <div data-colibri-id=\"754-c5\" class=\"d-flex h-flex-basis h-column__inner h-px-lg-2 h-px-md-2 h-px-2 v-inner-lg-2 v-inner-md-2 v-inner-2 style-445 style-local-754-c5 position-relative\">\n              <!---->\n              <!---->\n              <div class=\"w-100 h-y-container h-column__content h-column__v-align flex-basis-100 align-self-lg-start align-self-md-start align-self-start\">\n                <!---->\n                <div data-colibri-id=\"754-c6\" class=\"h-global-transition-all h-heading style-446 style-local-754-c6 position-relative h-element\">\n                  <!---->\n                  <div class=\"h-heading__outer style-446 style-local-754-c6\">\n                    <!---->\n                    <!---->\n                    <h5 class=\"\">Biographie<\/h5>\n                  <\/div>\n                <\/div>\n                <div data-colibri-id=\"754-c7\" class=\"h-text h-text-component style-448 style-local-754-c7 position-relative h-element\">\n                  <!---->\n                  <!---->\n                  <div class=\"\">\n                    <p>Margot est organiste et cheffe de ch\u0153ur. Elle commence son apprentissage musical \u00e0 Annecy, par le piano et le chant choral. Elle termine le Conservatoire avec un Dipl\u00f4me d\u2019Etudes Musicales de piano, puis d\u00e9couvre l\u2019orgue et poursuit\n                      son parcours \u00e0 la Haute Ecole de Musique de Gen\u00e8ve. Elle obtient un Master de P\u00e9dagogie en orgue dans les classes de Vincent Th\u00e9venaz et Alessio Corti, puis un Master en Direction de Ch\u0153ur avec Celso Antunes. Elle \u00e9tudie \u00e9galement\n                      le chant lyrique, avec Francesca Giarini Dalhen et Claude Darbellay. <\/p>\n                    <p>En 2018, elle est nomm\u00e9e co-titulaire de l\u2019orgue du Temple de Ch\u00eane-Bougeries \u00e0 Gen\u00e8ve, et reprend la co-direction musicale de l\u2019association Musica Ch\u00eane. Elle dirige depuis 2019 la Villanelle \u00e0 Evian les Bains, avec lequel elle a\n                      notamment donn\u00e9 la Petite Messe Solennelle de Rossini, les V\u00eapres d\u2019un confesseur de Mozart, ou encore le Requiem de Micha\u00ebl Haydn. Elle dirige \u00e9galement le Club de Yodel Alph\u00fcttli \u00e0 Gen\u00e8ve. <\/p>\n                    <p>Passionn\u00e9e par la p\u00e9dagogie et le travail avec les enfants, elle enseigne l\u2019\u00e9veil musical et le chant choral. La Technique Alexander, la M\u00e9thode Feldenkrais, la Coordination Respiratoire et le Yoga compl\u00e8tent son bagage musical et\n                      font partie int\u00e9grante de sa p\u00e9dagogie. <\/p>\n                    <p>On peut l\u2019entendre \u00e0 l\u2019orgue en soliste ou en musique de chambre, ou encore \u00e0 la direction (concerts en Suisse Romande, Annecy, Evian les Bains, Valence, Abbaye de Sylvan\u00e8s, Mus\u00e9e Suisse de l\u2019orgue, Abbaye de Romainm\u00f4tiers). <\/p>\n                  <\/div>\n                <\/div>\n              <\/div>\n            <\/div>\n          <\/div>\n        <\/div>\n      <\/div>\n    <\/div>\n  <\/div>\n<\/div>","protected":false},"excerpt":{"rendered":"<p>Biographie Margot est organiste et cheffe de ch\u0153ur. Elle commence son apprentissage musical \u00e0 Annecy, par le piano et le chant choral. Elle termine le Conservatoire avec un Dipl\u00f4me d\u2019Etudes [&hellip;]<\/p>\n","protected":false},"author":1,"featured_media":0,"parent":0,"menu_order":0,"comment_status":"closed","ping_status":"closed","template":"page-templates\/full-width-page.php","meta":{"footnotes":""},"class_list":["post-754","page","type-page","status-publish","hentry"],"_links":{"self":[{"href":"https:\/\/margotboitard.com\/index.php\/wp-json\/wp\/v2\/pages\/754","targetHints":{"allow":["GET"]}}],"collection":[{"href":"https:\/\/margotboitard.com\/index.php\/wp-json\/wp\/v2\/pages"}],"about":[{"href":"https:\/\/margotboitard.com\/index.php\/wp-json\/wp\/v2\/types\/page"}],"author":[{"embeddable":true,"href":"https:\/\/margotboitard.com\/index.php\/wp-json\/wp\/v2\/users\/1"}],"replies":[{"embeddable":true,"href":"https:\/\/margotboitard.com\/index.php\/wp-json\/wp\/v2\/comments?post=754"}],"version-history":[{"count":10,"href":"https:\/\/margotboitard.com\/index.php\/wp-json\/wp\/v2\/pages\/754\/revisions"}],"predecessor-version":[{"id":1579,"href":"https:\/\/margotboitard.com\/index.php\/wp-json\/wp\/v2\/pages\/754\/revisions\/1579"}],"wp:attachment":[{"href":"https:\/\/margotboitard.com\/index.php\/wp-json\/wp\/v2\/media?parent=754"}],"curies":[{"name":"wp","href":"https:\/\/api.w.org\/{rel}","templated":true}]}}