{"id":1658,"date":"2025-10-31T17:37:37","date_gmt":"2025-10-31T16:37:37","guid":{"rendered":"https:\/\/margotboitard.com\/?post_type=tribe_events&#038;p=1658"},"modified":"2025-10-31T17:37:42","modified_gmt":"2025-10-31T16:37:42","slug":"concert-de-lavent-avec-lensemble-les-ondes","status":"publish","type":"tribe_events","link":"https:\/\/margotboitard.com\/index.php\/event\/concert-de-lavent-avec-lensemble-les-ondes\/","title":{"rendered":"Concert de l&rsquo;Avent avec l\u2019Ensemble Les Ondes"},"content":{"rendered":"<h5>Direction : L\u00e9onie Cachelin<\/h5>\n<h5>Orgue : Margot Boitard<\/h5>\n<blockquote><p>Pour son premier programme de No\u00ebl,\u00a0Les Ondes\u00a0emm\u00e8ne les publics de Ch\u00eane-Bougeries et de Bernex sur les rivages sonores de la blanche Albion et de sa riche tradition musicale inspir\u00e9e par la Nativit\u00e9. Trouvant ses origines dans des danses m\u00e9di\u00e9vales, le r\u00e9pertoire des\u00a0<i>Carols<\/i>\u00a0se forme progressivement depuis lors, \u00e0 cheval entre les sph\u00e8res populaires et sacr\u00e9es. La r\u00e9forme protestante et l\u2019introduction du chant en langue vernaculaire \u00e0 l\u2019\u00e9glise donnent un premier \u00e9lan au genre, mais, en Angleterre, c\u2019est v\u00e9ritablement sous l\u2019\u00e8re victorienne \u00e0 la fin du XIXe si\u00e8cle \u2013 et le mouvement du retour \u00e0 l\u2019ancien \u2013 que les\u00a0<i>Christmas Carols<\/i>\u00a0fleurissent et infusent la production musicale chorale. Ce r\u00e9pertoire est un pilier capital du r\u00e9pertoire de chaque ch\u0153ur de cath\u00e9drale, abbaye et coll\u00e8ge britannique, connus et reconnus pour leur excellence !<\/p>\n<p>Le programme, entrecoup\u00e9 de carols plus traditionnels, se d\u00e9ploie tout au long du XXe si\u00e8cle, tant\u00f4t a capella, tant\u00f4t accompagn\u00e9 par l\u2019orgue tenu par Margot Boitard.<\/p>\n<p>Une place particuli\u00e8re est donn\u00e9e au tr\u00e8s beau\u00a0<i>Peace on earth<\/i>\u00a0de la compositrice am\u00e9ricaine Amy Beach ; son \u0153uvre est un incontournable des programmes de No\u00ebl outre-Manche et son message n\u2019a jamais \u00e9t\u00e9 plus n\u00e9cessaire.<\/p><\/blockquote>\n<p>&nbsp;<\/p>\n","protected":false},"excerpt":{"rendered":"<p>Direction : L\u00e9onie Cachelin Orgue : Margot Boitard Pour son premier programme de No\u00ebl,\u00a0Les Ondes\u00a0emm\u00e8ne les publics de Ch\u00eane-Bougeries et de Bernex sur les rivages sonores de la blanche Albion [&hellip;]<\/p>\n","protected":false},"author":2,"featured_media":0,"template":"","meta":{"_tribe_events_status":"","_tribe_events_status_reason":"","footnotes":""},"tags":[],"tribe_events_cat":[7],"class_list":["post-1658","tribe_events","type-tribe_events","status-publish","hentry","tribe_events_cat-organiste","cat_organiste"],"_links":{"self":[{"href":"https:\/\/margotboitard.com\/index.php\/wp-json\/wp\/v2\/tribe_events\/1658","targetHints":{"allow":["GET"]}}],"collection":[{"href":"https:\/\/margotboitard.com\/index.php\/wp-json\/wp\/v2\/tribe_events"}],"about":[{"href":"https:\/\/margotboitard.com\/index.php\/wp-json\/wp\/v2\/types\/tribe_events"}],"author":[{"embeddable":true,"href":"https:\/\/margotboitard.com\/index.php\/wp-json\/wp\/v2\/users\/2"}],"version-history":[{"count":1,"href":"https:\/\/margotboitard.com\/index.php\/wp-json\/wp\/v2\/tribe_events\/1658\/revisions"}],"predecessor-version":[{"id":1659,"href":"https:\/\/margotboitard.com\/index.php\/wp-json\/wp\/v2\/tribe_events\/1658\/revisions\/1659"}],"wp:attachment":[{"href":"https:\/\/margotboitard.com\/index.php\/wp-json\/wp\/v2\/media?parent=1658"}],"wp:term":[{"taxonomy":"post_tag","embeddable":true,"href":"https:\/\/margotboitard.com\/index.php\/wp-json\/wp\/v2\/tags?post=1658"},{"taxonomy":"tribe_events_cat","embeddable":true,"href":"https:\/\/margotboitard.com\/index.php\/wp-json\/wp\/v2\/tribe_events_cat?post=1658"}],"curies":[{"name":"wp","href":"https:\/\/api.w.org\/{rel}","templated":true}]}}

<h5>Direction : Léonie Cachelin</h5>
<h5>Orgue : Margot Boitard</h5>
<blockquote><p>Pour son premier programme de Noël, Les Ondes emmène les publics de Chêne-Bougeries et de Bernex sur les rivages sonores de la blanche Albion et de sa riche tradition musicale inspirée par la Nativité. Trouvant ses origines dans des danses médiévales, le répertoire des <i>Carols</i> se forme progressivement depuis lors, à cheval entre les sphères populaires et sacrées. La réforme protestante et l’introduction du chant en langue vernaculaire à l’église donnent un premier élan au genre, mais, en Angleterre, c’est véritablement sous l’ère victorienne à la fin du XIXe siècle – et le mouvement du retour à l’ancien – que les <i>Christmas Carols</i> fleurissent et infusent la production musicale chorale. Ce répertoire est un pilier capital du répertoire de chaque chœur de cathédrale, abbaye et collège britannique, connus et reconnus pour leur excellence !</p>
<p>Le programme, entrecoupé de carols plus traditionnels, se déploie tout au long du XXe siècle, tantôt a capella, tantôt accompagné par l’orgue tenu par Margot Boitard.</p>
<p>Une place particulière est donnée au très beau <i>Peace on earth</i> de la compositrice américaine Amy Beach ; son œuvre est un incontournable des programmes de Noël outre-Manche et son message n’a jamais été plus nécessaire.</p></blockquote>
<p>&nbsp;</p>

<p>Direction : Léonie Cachelin Orgue : Margot Boitard Pour son premier programme de Noël, Les Ondes emmène les publics de Chêne-Bougeries et de Bernex sur les rivages sonores de la blanche Albion [&hellip;]</p>
